{"id":765,"date":"2019-02-18T17:00:30","date_gmt":"2019-02-18T17:00:30","guid":{"rendered":"https:\/\/akademskaknjiga.com\/product\/sonnenschein-dokumentarni-roman\/"},"modified":"2025-05-05T12:38:39","modified_gmt":"2025-05-05T12:38:39","slug":"sonnenschein-dokumentarni-roman","status":"publish","type":"product","link":"https:\/\/akademskaknjiga.com\/en\/katalog\/sonnenschein-dokumentarni-roman","title":{"rendered":"SONNENSCHEIN"},"content":{"rendered":"<p>Dokumentarni roman Da\u0161e Drndi\u0107 ne mo\u017ee se uporediti ni sa jednom od do sada objavljenih knjiga o mra\u010dnim vremenima nacizma. Suvoparni podaci, sa\u017eeti dijalozi i izra\u017eajni likovi bacaju neobi\u010dno svetlo na ranije neprime\u0107ena pitanja o dvosmislenoj neutralnosti \u0160vajcarske ili proceduri finansiranja prevoza zatvorenika u logore smrti. Faktografija u romanu Sonnenschein podse\u0107a na prikupljanje dokaza u postupku protiv zla i bolno nagla\u0161ava dramu junaka \u010diji su \u017eivoti samo posledica kaprica istorije.<\/p>\n<p>Sonnenschein je, me\u0111utim, pre svega odva\u017eni autorkin gest koji otkriva gorku istinu o poreklu stotina hiljada dece iz ratnog vrtloga. To je upe\u010datljiva pri\u010da o Himlerovom paklenom planu \u2013 o dru\u0161tvu Lebensborn, \u201eIzvor \u017eivota\u201c \u2013 koje je, kao gnezdo ideje \u201eMein Kampf\u201c, postalo izvor patnje pokolenja sa la\u017enim identitetom.<\/p>\n<p style=\"text-align: right;\"><em>Anna Grupinska<\/em><\/p>\n<p>&#8230; radi se o onoj vrsti nadvijenosti nad povijesti vlastitog usuda koja ni od \u010dega ne strepi vi\u0161e do li od istine same; i ni\u0161ta ne \u017eudi vi\u0161e, i tu se naravno razlikuje od \u010desto mo\u0107nih interesa samih po\u010dinitelja za zamagljivanja \u010dinjenica, od te iste istine. Od tog proturje\u010dja roman \u017eivi, razvija se, i napokon, razliva se, ali ne u ravnodu\u0161ju, ve\u0107 naprotiv, budi interes za svoje junake, i kad oni junaci ba\u0161 i nisu. \u010citati, pa \u0161to bude!<\/p>\n<p style=\"text-align: right;\"><em>Slobodan \u0160najder<\/em><\/p>","protected":false},"excerpt":{"rendered":"<p>Dokumentarni roman Da\u0161e Drndi\u0107 ne mo\u017ee se uporediti ni sa  [&#8230;]<\/p>\n","protected":false},"featured_media":20251,"template":"","meta":{"_acf_changed":false},"product_brand":[],"product_cat":[2598,464,2526],"product_tag":[1383],"prevodilac":[],"autor":[339],"autori":[],"class_list":["post-765","product","type-product","status-publish","has-post-thumbnail","product_cat-drugi-svetski-rat","product_cat-knjizevnost","product_cat-roman","product_tag-savremeni-roman","autor-dasa-drndic","first","instock","sale","taxable","shipping-taxable","purchasable","product-type-simple"],"acf":[],"_links":{"self":[{"href":"https:\/\/akademskaknjiga.com\/en\/wp-json\/wp\/v2\/product\/765","targetHints":{"allow":["GET"]}}],"collection":[{"href":"https:\/\/akademskaknjiga.com\/en\/wp-json\/wp\/v2\/product"}],"about":[{"href":"https:\/\/akademskaknjiga.com\/en\/wp-json\/wp\/v2\/types\/product"}],"wp:featuredmedia":[{"embeddable":true,"href":"https:\/\/akademskaknjiga.com\/en\/wp-json\/wp\/v2\/media\/20251"}],"wp:attachment":[{"href":"https:\/\/akademskaknjiga.com\/en\/wp-json\/wp\/v2\/media?parent=765"}],"wp:term":[{"taxonomy":"product_brand","embeddable":true,"href":"https:\/\/akademskaknjiga.com\/en\/wp-json\/wp\/v2\/product_brand?post=765"},{"taxonomy":"product_cat","embeddable":true,"href":"https:\/\/akademskaknjiga.com\/en\/wp-json\/wp\/v2\/product_cat?post=765"},{"taxonomy":"product_tag","embeddable":true,"href":"https:\/\/akademskaknjiga.com\/en\/wp-json\/wp\/v2\/product_tag?post=765"},{"taxonomy":"prevodilac","embeddable":true,"href":"https:\/\/akademskaknjiga.com\/en\/wp-json\/wp\/v2\/prevodilac?post=765"},{"taxonomy":"autor","embeddable":true,"href":"https:\/\/akademskaknjiga.com\/en\/wp-json\/wp\/v2\/autor?post=765"},{"taxonomy":"autori","embeddable":true,"href":"https:\/\/akademskaknjiga.com\/en\/wp-json\/wp\/v2\/autori?post=765"}],"curies":[{"name":"wp","href":"https:\/\/api.w.org\/{rel}","templated":true}]}}

<p>Dokumentarni roman Daše Drndić ne može se uporediti ni sa jednom od do sada objavljenih knjiga o mračnim vremenima nacizma. Suvoparni podaci, sažeti dijalozi i izražajni likovi bacaju neobično svetlo na ranije neprimećena pitanja o dvosmislenoj neutralnosti Švajcarske ili proceduri finansiranja prevoza zatvorenika u logore smrti. Faktografija u romanu Sonnenschein podseća na prikupljanje dokaza u postupku protiv zla i bolno naglašava dramu junaka čiji su životi samo posledica kaprica istorije.</p>
<p>Sonnenschein je, međutim, pre svega odvažni autorkin gest koji otkriva gorku istinu o poreklu stotina hiljada dece iz ratnog vrtloga. To je upečatljiva priča o Himlerovom paklenom planu – o društvu Lebensborn, „Izvor života“ – koje je, kao gnezdo ideje „Mein Kampf“, postalo izvor patnje pokolenja sa lažnim identitetom.</p>
<p style="text-align: right;"><em>Anna Grupinska</em></p>
<p>&#8230; radi se o onoj vrsti nadvijenosti nad povijesti vlastitog usuda koja ni od čega ne strepi više do li od istine same; i ništa ne žudi više, i tu se naravno razlikuje od često moćnih interesa samih počinitelja za zamagljivanja činjenica, od te iste istine. Od tog proturječja roman živi, razvija se, i napokon, razliva se, ali ne u ravnodušju, već naprotiv, budi interes za svoje junake, i kad oni junaci baš i nisu. Čitati, pa što bude!</p>
<p style="text-align: right;"><em>Slobodan Šnajder</em></p>

<p>Dokumentarni roman Daše Drndić ne može se uporediti ni sa  [&#8230;]</p>
