{"id":652,"date":"2018-12-28T14:08:25","date_gmt":"2018-12-28T13:08:25","guid":{"rendered":"https:\/\/akademskaknjiga.com\/product\/spisi-i-ljudi\/"},"modified":"2023-03-01T11:05:59","modified_gmt":"2023-03-01T11:05:59","slug":"spisi-i-ljudi","status":"publish","type":"product","link":"https:\/\/akademskaknjiga.com\/en\/katalog\/spisi-i-ljudi","title":{"rendered":"SPISI I LJUDI. Pri\u010de iz advokatske arhive"},"content":{"rendered":"<p>Zahvaljuju\u0107i sa\u010duvanoj arhivskoj gra\u0111i advokatske kancelarije Varadi iz Be\u010dkereka, dana\u0161njeg Zrenjanina, koja je nastajala od kraja 19. veka do kraja pro\u0161log veka, Tibor Varadi u knjizi <i>Spisi i ljudi <\/i>pri\u010da o Vojvo\u0111anima koji su \u017eiveli i \u017eive tamo gde se dispozicije menjaju, ali problemi uvek ostaju. Tamo gde su potpirivanje mr\u017enje i uznemiravanje javnosti \u010desto na repertoaru javnih tu\u017eilaca, gde su najve\u0107i profiteri uvek besprekorni rodoljubi. Tamo gde su u\u010destale promene naziva gradova, ulica i kipova na javnim trgovima, gde upotreba jednog, a potom drugog jezika nije uvek bez rizika. Varadi pri\u010da o su\u017enjima jezika, re\u010di, koji su ispredali snove o pravdi i slobodi kao \u0161to se Branko Miljkovi\u0107 pita \u201eho\u0107e li sloboda umeti da peva kao \u0161to su su\u017enji pevali o njoj?\u201c Ili, zar ne bi bilo pametnije u\u0107utati, odlo\u017eiti pero, izbrisati kao gumicom pro\u0161lost? Knjiga Ti\u00adbora Varadija zagovara suprotno.<\/p>\n<p style=\"text-align: right;\"><i>I\u0161tvan Domonko\u0161<\/i><\/p>\n<p><a href=\"https:\/\/akademskaknjiga.com\/en\/biblioteka\/mozaik\/\">https:\/\/akademskaknjiga.com\/biblioteka\/mozaik\/<\/a><\/p>","protected":false},"excerpt":{"rendered":"<p><strong>Preveo s ma\u0111arskog:<\/strong> Arpad Vicko<\/p>","protected":false},"featured_media":20138,"template":"","meta":{"_acf_changed":false},"product_brand":[],"product_cat":[452],"product_tag":[1389],"prevodilac":[],"autor":[229],"autori":[],"class_list":["post-652","product","type-product","status-publish","has-post-thumbnail","product_cat-documentarna-proza","product_tag-mozaik","autor-tibor-varadi-varady-tibor","first","outofstock","sale","taxable","shipping-taxable","purchasable","product-type-simple"],"acf":[],"_links":{"self":[{"href":"https:\/\/akademskaknjiga.com\/en\/wp-json\/wp\/v2\/product\/652","targetHints":{"allow":["GET"]}}],"collection":[{"href":"https:\/\/akademskaknjiga.com\/en\/wp-json\/wp\/v2\/product"}],"about":[{"href":"https:\/\/akademskaknjiga.com\/en\/wp-json\/wp\/v2\/types\/product"}],"wp:featuredmedia":[{"embeddable":true,"href":"https:\/\/akademskaknjiga.com\/en\/wp-json\/wp\/v2\/media\/20138"}],"wp:attachment":[{"href":"https:\/\/akademskaknjiga.com\/en\/wp-json\/wp\/v2\/media?parent=652"}],"wp:term":[{"taxonomy":"product_brand","embeddable":true,"href":"https:\/\/akademskaknjiga.com\/en\/wp-json\/wp\/v2\/product_brand?post=652"},{"taxonomy":"product_cat","embeddable":true,"href":"https:\/\/akademskaknjiga.com\/en\/wp-json\/wp\/v2\/product_cat?post=652"},{"taxonomy":"product_tag","embeddable":true,"href":"https:\/\/akademskaknjiga.com\/en\/wp-json\/wp\/v2\/product_tag?post=652"},{"taxonomy":"prevodilac","embeddable":true,"href":"https:\/\/akademskaknjiga.com\/en\/wp-json\/wp\/v2\/prevodilac?post=652"},{"taxonomy":"autor","embeddable":true,"href":"https:\/\/akademskaknjiga.com\/en\/wp-json\/wp\/v2\/autor?post=652"},{"taxonomy":"autori","embeddable":true,"href":"https:\/\/akademskaknjiga.com\/en\/wp-json\/wp\/v2\/autori?post=652"}],"curies":[{"name":"wp","href":"https:\/\/api.w.org\/{rel}","templated":true}]}}

SPISI I LJUDI. Priče iz advokatske arhive

<p>Zahvaljujući sačuvanoj arhivskoj građi advokatske kancelarije Varadi iz Bečkereka, današnjeg Zrenjanina, koja je nastajala od kraja 19. veka do kraja prošlog veka, Tibor Varadi u knjizi <i>Spisi i ljudi </i>priča o Vojvođanima koji su živeli i žive tamo gde se dispozicije menjaju, ali problemi uvek ostaju. Tamo gde su potpirivanje mržnje i uznemiravanje javnosti često na repertoaru javnih tužilaca, gde su najveći profiteri uvek besprekorni rodoljubi. Tamo gde su učestale promene naziva gradova, ulica i kipova na javnim trgovima, gde upotreba jednog, a potom drugog jezika nije uvek bez rizika. Varadi priča o sužnjima jezika, reči, koji su ispredali snove o pravdi i slobodi kao što se Branko Miljković pita „hoće li sloboda umeti da peva kao što su sužnji pevali o njoj?“ Ili, zar ne bi bilo pametnije ućutati, odložiti pero, izbrisati kao gumicom prošlost? Knjiga Ti­bora Varadija zagovara suprotno.</p>
<p style="text-align: right;"><i>Ištvan Domonkoš</i></p>
<p><a href="https://akademskaknjiga.com/en/biblioteka/mozaik/">https://akademskaknjiga.com/biblioteka/mozaik/</a></p>

<p><strong>Preveo s mađarskog:</strong> Arpad Vicko</p>
