{"id":556,"date":"2018-12-28T14:03:45","date_gmt":"2018-12-28T14:03:45","guid":{"rendered":"https:\/\/akademskaknjiga.com\/product\/vjetrenjace-evrope\/"},"modified":"2023-10-14T11:56:41","modified_gmt":"2023-10-14T11:56:41","slug":"vjetrenjace-evrope","status":"publish","type":"product","link":"https:\/\/akademskaknjiga.com\/en\/katalog\/vjetrenjace-evrope","title":{"rendered":"VJETRENJA\u010cE EVROPE"},"content":{"rendered":"<p>Knjiga <em>Vjetrenja\u010de Evrope<\/em>, autora Gojka \u010celebi\u0107a, ima za predmet recepciju \u0161panskog i svetskog klasika Migela de Servantesa u kulturi \u010de\u0161ke tokom \u010detiri stole\u0107a (1605\u20132005). Ona spaja \u010de\u0161ku i \u0161pansku kulturu kroz vekove, ali i same te vekove sa celovite evropske ta\u010dke gledi\u0161ta. Naime, ovaj nau\u010dni rad polazi od dubokih \u0161pansko-\u010de\u0161kih veza u okviru zapadne civilizacije kroz stole\u0107a, koja su obele\u017eila kulturnu povest Evrope, ali isto tako i od zanimljivih i dragocenih pojedinosti jedne i druge kulture i drugih kultura u okru\u017eenju.<br \/>\n\u010celebi\u0107ev rad se u su\u0161tini bavi na\u010dinom kako je Servantes primljen i \u010ditan u \u010de\u0161koj sredini od baroka do postmoderne (knji\u017eevnost, pozori\u0161te, opera, film, slikarstvo i druge umetnosti), ali isto tako uzima u obzir i posredni\u010dke uticaje: francuske, engleske, nema\u010dke, ruske itd. Jedan deo ovog opse\u017enog rada posve\u0107en je kulturnim i istorijskim dodirima Servantesovog dela sa crnogorskom, srpskom, hrvatskom i drugim ju\u017enoslovenskim sredinama.<\/p>","protected":false},"excerpt":{"rendered":"<p>Knjiga Vjetrenja\u010de Evrope, autora Gojka \u010celebi\u0107a, ima za predmet recepciju  [&#8230;]<\/p>\n","protected":false},"featured_media":20042,"template":"","meta":{"_acf_changed":false},"product_brand":[],"product_cat":[472],"product_tag":[1403],"prevodilac":[],"autor":[143],"autori":[],"class_list":["post-556","product","type-product","status-publish","has-post-thumbnail","product_cat-nauka-o-knjizevnosti","product_tag-horizonti","autor-gojko-celebic","first","instock","sale","taxable","shipping-taxable","purchasable","product-type-simple"],"acf":[],"_links":{"self":[{"href":"https:\/\/akademskaknjiga.com\/en\/wp-json\/wp\/v2\/product\/556","targetHints":{"allow":["GET"]}}],"collection":[{"href":"https:\/\/akademskaknjiga.com\/en\/wp-json\/wp\/v2\/product"}],"about":[{"href":"https:\/\/akademskaknjiga.com\/en\/wp-json\/wp\/v2\/types\/product"}],"wp:featuredmedia":[{"embeddable":true,"href":"https:\/\/akademskaknjiga.com\/en\/wp-json\/wp\/v2\/media\/20042"}],"wp:attachment":[{"href":"https:\/\/akademskaknjiga.com\/en\/wp-json\/wp\/v2\/media?parent=556"}],"wp:term":[{"taxonomy":"product_brand","embeddable":true,"href":"https:\/\/akademskaknjiga.com\/en\/wp-json\/wp\/v2\/product_brand?post=556"},{"taxonomy":"product_cat","embeddable":true,"href":"https:\/\/akademskaknjiga.com\/en\/wp-json\/wp\/v2\/product_cat?post=556"},{"taxonomy":"product_tag","embeddable":true,"href":"https:\/\/akademskaknjiga.com\/en\/wp-json\/wp\/v2\/product_tag?post=556"},{"taxonomy":"prevodilac","embeddable":true,"href":"https:\/\/akademskaknjiga.com\/en\/wp-json\/wp\/v2\/prevodilac?post=556"},{"taxonomy":"autor","embeddable":true,"href":"https:\/\/akademskaknjiga.com\/en\/wp-json\/wp\/v2\/autor?post=556"},{"taxonomy":"autori","embeddable":true,"href":"https:\/\/akademskaknjiga.com\/en\/wp-json\/wp\/v2\/autori?post=556"}],"curies":[{"name":"wp","href":"https:\/\/api.w.org\/{rel}","templated":true}]}}

VJETRENJAČE EVROPE

<p>Knjiga <em>Vjetrenjače Evrope</em>, autora Gojka Čelebića, ima za predmet recepciju španskog i svetskog klasika Migela de Servantesa u kulturi češke tokom četiri stoleća (1605–2005). Ona spaja češku i špansku kulturu kroz vekove, ali i same te vekove sa celovite evropske tačke gledišta. Naime, ovaj naučni rad polazi od dubokih špansko-čeških veza u okviru zapadne civilizacije kroz stoleća, koja su obeležila kulturnu povest Evrope, ali isto tako i od zanimljivih i dragocenih pojedinosti jedne i druge kulture i drugih kultura u okruženju.<br />
Čelebićev rad se u suštini bavi načinom kako je Servantes primljen i čitan u češkoj sredini od baroka do postmoderne (književnost, pozorište, opera, film, slikarstvo i druge umetnosti), ali isto tako uzima u obzir i posredničke uticaje: francuske, engleske, nemačke, ruske itd. Jedan deo ovog opsežnog rada posvećen je kulturnim i istorijskim dodirima Servantesovog dela sa crnogorskom, srpskom, hrvatskom i drugim južnoslovenskim sredinama.</p>

<p>Knjiga Vjetrenjače Evrope, autora Gojka Čelebića, ima za predmet recepciju  [&#8230;]</p>
