{"id":478,"date":"2018-12-28T14:01:30","date_gmt":"2018-12-28T14:01:30","guid":{"rendered":"https:\/\/akademskaknjiga.com\/product\/svetislav-stefanovic-preteca-modernizma\/"},"modified":"2023-12-14T13:31:08","modified_gmt":"2023-12-14T13:31:08","slug":"svetislav-stefanovic-preteca-modernizma","status":"publish","type":"product","link":"https:\/\/akademskaknjiga.com\/en\/katalog\/svetislav-stefanovic-preteca-modernizma","title":{"rendered":"SVETISLAV STEFANOVI\u0106 PRETE\u010cA MODERNIZMA"},"content":{"rendered":"<p>U ovoj knjizi autor vra\u0107a Svetislava Stefanovi\u0107a u istoriju srpske knji\u017eevne kritike, stavlja ga na mesto izme\u0111u kritike Laze Kosti\u0107a i kritike Stanislava Vinavera i izu\u010dava ga kao ostvarenu li\u010dnost. To izu\u010davanje ima tri smera: prvi, specifi\u010dan odnos prema knji\u017eevnoj kritici, slobodnom stihu i prevrednovanju na\u0161e knji\u017eevne pro\u0161losti; drugi, ka analizi odnosa s autorima koje je Stefanovi\u0107 odabrao po srodnosti (po\u010dev\u0161i od Laze Kosti\u0107a, \u010diji je uticaj nesporan i velik, preko Stanislava Vinavera, pa do onih koji se nisu odazvali Stefanovi\u0107evoj ideji za ru\u0161enje \u201estarog\u201c, kao \u0161to su Dimitrije Mitrinovi\u0107 i Isidora Sekuli\u0107; tre\u0107i, tra\u017eenje konkretnog konteksta za Stefanovi\u0107ev tekst \u201eUzbuna kritike i najmla\u0111a moderna\u201c).<\/p>","protected":false},"excerpt":{"rendered":"<p>U ovoj knjizi autor vra\u0107a Svetislava Stefanovi\u0107a u istoriju srpske  [&#8230;]<\/p>\n","protected":false},"featured_media":19966,"template":"","meta":{"_acf_changed":false},"product_brand":[],"product_cat":[472,2498],"product_tag":[1638],"prevodilac":[],"autor":[60],"autori":[],"class_list":["post-478","product","type-product","status-publish","has-post-thumbnail","product_cat-nauka-o-knjizevnosti","product_cat-praznicni-popusti","product_tag-naucna-misao","autor-milivoj-nenin","first","instock","sale","taxable","shipping-taxable","purchasable","product-type-simple"],"acf":[],"_links":{"self":[{"href":"https:\/\/akademskaknjiga.com\/en\/wp-json\/wp\/v2\/product\/478","targetHints":{"allow":["GET"]}}],"collection":[{"href":"https:\/\/akademskaknjiga.com\/en\/wp-json\/wp\/v2\/product"}],"about":[{"href":"https:\/\/akademskaknjiga.com\/en\/wp-json\/wp\/v2\/types\/product"}],"wp:featuredmedia":[{"embeddable":true,"href":"https:\/\/akademskaknjiga.com\/en\/wp-json\/wp\/v2\/media\/19966"}],"wp:attachment":[{"href":"https:\/\/akademskaknjiga.com\/en\/wp-json\/wp\/v2\/media?parent=478"}],"wp:term":[{"taxonomy":"product_brand","embeddable":true,"href":"https:\/\/akademskaknjiga.com\/en\/wp-json\/wp\/v2\/product_brand?post=478"},{"taxonomy":"product_cat","embeddable":true,"href":"https:\/\/akademskaknjiga.com\/en\/wp-json\/wp\/v2\/product_cat?post=478"},{"taxonomy":"product_tag","embeddable":true,"href":"https:\/\/akademskaknjiga.com\/en\/wp-json\/wp\/v2\/product_tag?post=478"},{"taxonomy":"prevodilac","embeddable":true,"href":"https:\/\/akademskaknjiga.com\/en\/wp-json\/wp\/v2\/prevodilac?post=478"},{"taxonomy":"autor","embeddable":true,"href":"https:\/\/akademskaknjiga.com\/en\/wp-json\/wp\/v2\/autor?post=478"},{"taxonomy":"autori","embeddable":true,"href":"https:\/\/akademskaknjiga.com\/en\/wp-json\/wp\/v2\/autori?post=478"}],"curies":[{"name":"wp","href":"https:\/\/api.w.org\/{rel}","templated":true}]}}

SVETISLAV STEFANOVIĆ PRETEČA MODERNIZMA

<p>U ovoj knjizi autor vraća Svetislava Stefanovića u istoriju srpske književne kritike, stavlja ga na mesto između kritike Laze Kostića i kritike Stanislava Vinavera i izučava ga kao ostvarenu ličnost. To izučavanje ima tri smera: prvi, specifičan odnos prema književnoj kritici, slobodnom stihu i prevrednovanju naše književne prošlosti; drugi, ka analizi odnosa s autorima koje je Stefanović odabrao po srodnosti (počevši od Laze Kostića, čiji je uticaj nesporan i velik, preko Stanislava Vinavera, pa do onih koji se nisu odazvali Stefanovićevoj ideji za rušenje „starog“, kao što su Dimitrije Mitrinović i Isidora Sekulić; treći, traženje konkretnog konteksta za Stefanovićev tekst „Uzbuna kritike i najmlađa moderna“).</p>

<p>U ovoj knjizi autor vraća Svetislava Stefanovića u istoriju srpske  [&#8230;]</p>
