{"id":4096,"date":"2019-09-27T11:15:43","date_gmt":"2019-09-27T11:15:43","guid":{"rendered":"https:\/\/akademskaknjiga.com\/?post_type=product&#038;p=4096"},"modified":"2024-06-10T12:54:18","modified_gmt":"2024-06-10T12:54:18","slug":"nesto-sto-strasno-podseca-na-zivot","status":"publish","type":"product","link":"https:\/\/akademskaknjiga.com\/en\/katalog\/nesto-sto-strasno-podseca-na-zivot","title":{"rendered":"NE\u0160TO \u0160TO STRA\u0160NO PODSE\u0106A NA \u017dIVOT  Kratka istorija letenja u Subotici"},"content":{"rendered":"<p style=\"text-align: left;\">Glavni junak romana <em>Ne\u0161to \u0161to stra\u0161no podse\u0107a na \u017eivot<\/em> je konceptualni umetnik, pesnik i bibliotekar Slavko Matkovi\u0107, jedna od mitskih li\u010dnosti Subotice, koju Milenkovi\u0107 uzima za<br \/>\nsvoj alter ego ispisuju\u0107i pseudoistorije i fantasti\u010dne povesti o gradu i njegovoj najslavnijoj gra\u0111evini. Ovo je knjiga o \u010ditanju i pisanju, o zamenama identiteta, o valpurgijskim no\u0107ima u suboti\u010dkoj Gradskoj ku\u0107i kroz koju defiluju aveti pro\u010ditanih knjiga, pa tako \u010ditalac sre\u0107e Bulgakova i Anu Ahmatovu, Alana Forda i Fanca Kafku, Vojislava Despotova i Vujicu Re\u0161ina Tuci\u0107a&#8230; Stvarnost i fikcija, do\u017eivljeno i pro\u010ditano isprepleteni su u tolikoj meri da ih je ponekad nemogu\u0107e razlikovati, kao \u0161to sve vreme pisac, junak i \u010ditalac zamenjuju mesta. Svi oni ispisuju poemu o Subotici kao prestonici \u010duda, jednom od sredi\u0161ta Srednje Evrope, prostoru kojim najglasnije odjekuje ti\u0161ina. \u201eNe mogu da se setim kada se to prvi put desilo \u2012 tek likovi i doga\u0111aji iz knjiga koje \u010ditam po\u010deli su da uska\u010du u moju svakodnevicu\u201c, ka\u017ee na jednom mestu u romanu junak Slavko Matkovi\u0107 \u2012 ba\u0161 kao \u0161to \u0107e i likovi koji nastanjuju ovaj roman zasigurno uskakati u svakodnevice njegovih \u010ditalaca.<\/p>\n<p style=\"text-align: right;\"><em>Dragan Veliki\u0107<\/em><\/p>","protected":false},"excerpt":{"rendered":"<p>Glavni junak romana Ne\u0161to \u0161to stra\u0161no podse\u0107a na \u017eivot je  [&#8230;]<\/p>\n","protected":false},"featured_media":20303,"template":"","meta":{"_acf_changed":false},"product_brand":[],"product_cat":[464,2526],"product_tag":[1383],"prevodilac":[],"autor":[871],"autori":[],"class_list":["post-4096","product","type-product","status-publish","has-post-thumbnail","product_cat-knjizevnost","product_cat-roman","product_tag-savremeni-roman","autor-nebojsa-milenkovic","first","instock","sale","featured","taxable","shipping-taxable","purchasable","product-type-simple"],"acf":[],"_links":{"self":[{"href":"https:\/\/akademskaknjiga.com\/en\/wp-json\/wp\/v2\/product\/4096","targetHints":{"allow":["GET"]}}],"collection":[{"href":"https:\/\/akademskaknjiga.com\/en\/wp-json\/wp\/v2\/product"}],"about":[{"href":"https:\/\/akademskaknjiga.com\/en\/wp-json\/wp\/v2\/types\/product"}],"wp:featuredmedia":[{"embeddable":true,"href":"https:\/\/akademskaknjiga.com\/en\/wp-json\/wp\/v2\/media\/20303"}],"wp:attachment":[{"href":"https:\/\/akademskaknjiga.com\/en\/wp-json\/wp\/v2\/media?parent=4096"}],"wp:term":[{"taxonomy":"product_brand","embeddable":true,"href":"https:\/\/akademskaknjiga.com\/en\/wp-json\/wp\/v2\/product_brand?post=4096"},{"taxonomy":"product_cat","embeddable":true,"href":"https:\/\/akademskaknjiga.com\/en\/wp-json\/wp\/v2\/product_cat?post=4096"},{"taxonomy":"product_tag","embeddable":true,"href":"https:\/\/akademskaknjiga.com\/en\/wp-json\/wp\/v2\/product_tag?post=4096"},{"taxonomy":"prevodilac","embeddable":true,"href":"https:\/\/akademskaknjiga.com\/en\/wp-json\/wp\/v2\/prevodilac?post=4096"},{"taxonomy":"autor","embeddable":true,"href":"https:\/\/akademskaknjiga.com\/en\/wp-json\/wp\/v2\/autor?post=4096"},{"taxonomy":"autori","embeddable":true,"href":"https:\/\/akademskaknjiga.com\/en\/wp-json\/wp\/v2\/autori?post=4096"}],"curies":[{"name":"wp","href":"https:\/\/api.w.org\/{rel}","templated":true}]}}

NEŠTO ŠTO STRAŠNO PODSEĆA NA ŽIVOT  Kratka istorija letenja u Subotici

<p style="text-align: left;">Glavni junak romana <em>Nešto što strašno podseća na život</em> je konceptualni umetnik, pesnik i bibliotekar Slavko Matković, jedna od mitskih ličnosti Subotice, koju Milenković uzima za<br />
svoj alter ego ispisujući pseudoistorije i fantastične povesti o gradu i njegovoj najslavnijoj građevini. Ovo je knjiga o čitanju i pisanju, o zamenama identiteta, o valpurgijskim noćima u subotičkoj Gradskoj kući kroz koju defiluju aveti pročitanih knjiga, pa tako čitalac sreće Bulgakova i Anu Ahmatovu, Alana Forda i Fanca Kafku, Vojislava Despotova i Vujicu Rešina Tucića&#8230; Stvarnost i fikcija, doživljeno i pročitano isprepleteni su u tolikoj meri da ih je ponekad nemoguće razlikovati, kao što sve vreme pisac, junak i čitalac zamenjuju mesta. Svi oni ispisuju poemu o Subotici kao prestonici čuda, jednom od središta Srednje Evrope, prostoru kojim najglasnije odjekuje tišina. „Ne mogu da se setim kada se to prvi put desilo ‒ tek likovi i događaji iz knjiga koje čitam počeli su da uskaču u moju svakodnevicu“, kaže na jednom mestu u romanu junak Slavko Matković ‒ baš kao što će i likovi koji nastanjuju ovaj roman zasigurno uskakati u svakodnevice njegovih čitalaca.</p>
<p style="text-align: right;"><em>Dragan Velikić</em></p>

<p>Glavni junak romana Nešto što strašno podseća na život je  [&#8230;]</p>
