{"id":31068,"date":"2025-04-17T12:01:21","date_gmt":"2025-04-17T12:01:21","guid":{"rendered":"https:\/\/akademskaknjiga.com\/?post_type=product&#038;p=31068"},"modified":"2025-10-22T19:44:49","modified_gmt":"2025-10-22T19:44:49","slug":"prica-o-mom-zivotu","status":"publish","type":"product","link":"https:\/\/akademskaknjiga.com\/en\/katalog\/prica-o-mom-zivotu","title":{"rendered":"PRI\u010cA O MOM \u017dIVOTU"},"content":{"rendered":"<p><em>Pri\u010da o mom \u017eivotu<\/em> je \u017eeljno o\u010dekivana knjiga Gabrijela Garsije Markesa, sveobuhvatno prise\u0107anje vremena koje je ostavilo presudan trag u njegovom \u017eivotu. U ovoj strastvenoj pripovesti, kolumbijski nobelovac otelovljuje sopstvene uspomene na rano detinjstvo i mladost, tokom kojih \u0107e formirati svoj imaginarijum i kreirati popri\u0161te za neke od najzna\u010dajnijih pri\u010da i romana napisanih na \u0161panskom jeziku. Pred \u010ditaocima je roman o \u017eivotu Gabrijela Garsije Markesa, kroz \u010dije stranice autor polako i slojevito otkriva odjeke li\u010dnosti i istorijskih trenutaka kojima obiluju njegova najpoznatija dela: <em>Sto godina samo\u0107e, Ljubav u doba kolere, Pukovniku nema ko da pi\u0161e<\/em> ili <em>Hronika najavljene smrti<\/em>. Ovi nesvakida\u0161nji memoari su vodi\u010d za \u010ditanje celokupnog opusa slavnog kolumbijskog pisca i neprikosnoveni priru\u010dnik za osvetljavanje njegovih nezaboravnih epizoda, koje sada dobijaju sasvim novu perspektivu.<\/p>\n<p>&nbsp;<\/p>","protected":false},"excerpt":{"rendered":"<p>Prevela sa \u0161panskog: <strong>Bojana Kova\u010devi\u0107 Petrovi\u0107<\/strong><\/p>","protected":false},"featured_media":31069,"template":"","meta":{"_acf_changed":false},"product_brand":[],"product_cat":[69,2528,464],"product_tag":[1396],"prevodilac":[],"autor":[2588],"autori":[],"class_list":["post-31068","product","type-product","status-publish","has-post-thumbnail","product_cat-autobiografija","product_cat-knjige-u-fokusu","product_cat-knjizevnost","product_tag-velike-biografije","autor-gabrijel-garsija-markes","first","instock","sale","taxable","shipping-taxable","purchasable","product-type-simple"],"acf":[],"_links":{"self":[{"href":"https:\/\/akademskaknjiga.com\/en\/wp-json\/wp\/v2\/product\/31068","targetHints":{"allow":["GET"]}}],"collection":[{"href":"https:\/\/akademskaknjiga.com\/en\/wp-json\/wp\/v2\/product"}],"about":[{"href":"https:\/\/akademskaknjiga.com\/en\/wp-json\/wp\/v2\/types\/product"}],"wp:featuredmedia":[{"embeddable":true,"href":"https:\/\/akademskaknjiga.com\/en\/wp-json\/wp\/v2\/media\/31069"}],"wp:attachment":[{"href":"https:\/\/akademskaknjiga.com\/en\/wp-json\/wp\/v2\/media?parent=31068"}],"wp:term":[{"taxonomy":"product_brand","embeddable":true,"href":"https:\/\/akademskaknjiga.com\/en\/wp-json\/wp\/v2\/product_brand?post=31068"},{"taxonomy":"product_cat","embeddable":true,"href":"https:\/\/akademskaknjiga.com\/en\/wp-json\/wp\/v2\/product_cat?post=31068"},{"taxonomy":"product_tag","embeddable":true,"href":"https:\/\/akademskaknjiga.com\/en\/wp-json\/wp\/v2\/product_tag?post=31068"},{"taxonomy":"prevodilac","embeddable":true,"href":"https:\/\/akademskaknjiga.com\/en\/wp-json\/wp\/v2\/prevodilac?post=31068"},{"taxonomy":"autor","embeddable":true,"href":"https:\/\/akademskaknjiga.com\/en\/wp-json\/wp\/v2\/autor?post=31068"},{"taxonomy":"autori","embeddable":true,"href":"https:\/\/akademskaknjiga.com\/en\/wp-json\/wp\/v2\/autori?post=31068"}],"curies":[{"name":"wp","href":"https:\/\/api.w.org\/{rel}","templated":true}]}}

PRIČA O MOM ŽIVOTU

<p><em>Priča o mom životu</em> je željno očekivana knjiga Gabrijela Garsije Markesa, sveobuhvatno prisećanje vremena koje je ostavilo presudan trag u njegovom životu. U ovoj strastvenoj pripovesti, kolumbijski nobelovac otelovljuje sopstvene uspomene na rano detinjstvo i mladost, tokom kojih će formirati svoj imaginarijum i kreirati poprište za neke od najznačajnijih priča i romana napisanih na španskom jeziku. Pred čitaocima je roman o životu Gabrijela Garsije Markesa, kroz čije stranice autor polako i slojevito otkriva odjeke ličnosti i istorijskih trenutaka kojima obiluju njegova najpoznatija dela: <em>Sto godina samoće, Ljubav u doba kolere, Pukovniku nema ko da piše</em> ili <em>Hronika najavljene smrti</em>. Ovi nesvakidašnji memoari su vodič za čitanje celokupnog opusa slavnog kolumbijskog pisca i neprikosnoveni priručnik za osvetljavanje njegovih nezaboravnih epizoda, koje sada dobijaju sasvim novu perspektivu.</p>
<p>&nbsp;</p>

<p>Prevela sa španskog: <strong>Bojana Kovačević Petrović</strong></p>
