{"id":27614,"date":"2023-12-13T14:19:44","date_gmt":"2023-12-13T14:19:44","guid":{"rendered":"https:\/\/akademskaknjiga.com\/?post_type=product&#038;p=27614"},"modified":"2023-12-13T14:19:45","modified_gmt":"2023-12-13T14:19:45","slug":"ka-osmehu-evrope-savremeno-srpsko-poljsko-i-cesko-pesnistvo-u-komparativnom-kljucu","status":"publish","type":"product","link":"https:\/\/akademskaknjiga.com\/en\/katalog\/ka-osmehu-evrope-savremeno-srpsko-poljsko-i-cesko-pesnistvo-u-komparativnom-kljucu","title":{"rendered":"KA OSMEHU EVROPE. Savremeno srpsko, poljsko i \u010de\u0161ko pesni\u0161tvo u komparativnom klju\u010du"},"content":{"rendered":"<p>Zajedni\u010dka ta\u010dka u kojoj se ukr\u0161taju savremeno srpsko, poljsko i \u010de\u0161ko pesni\u0161tvo je te\u017enja ka prevazila\u017eenju fragmentarnosti sveta i uspostavljanju celine, bilo da se radi o kulturnom jedinstvu Evrope, prevazila\u017eenju politi\u010dkih podela izme\u0111u Zapada i Istoka, samih slovenskih naroda, ili romanti\u010darskoj sintezi prirode i kulture.<\/p>\n<p style=\"text-align: right;\"><em>Prof. dr Gorana Rai\u010devi\u0107<\/em><\/p>\n<p>&nbsp;<\/p>\n<p>Monografija Ka osmehu Evrope je celovita, analiti\u010dka studija, kojom je obuhva\u0107eno pesni\u0161tvo najzna\u010dajnijih srpskih, poljskih i \u010de\u0161kih pesnika XX veka, kao i niz drugih, savremenih poetskih opusa, u kojima je vidljiv ili mogu\u0107 uticaj, recimo pojedinih poljskih pesnika na srpske, odnosno pojedinih \u010de\u0161kih pesnika na srpske pesni\u010dke savremenike i obratno.<\/p>\n<p style=\"text-align: right;\"><em>Prof. dr Zoran \u0110eri\u0107<\/em><\/p>","protected":false},"excerpt":{"rendered":"<p>Zajedni\u010dka ta\u010dka u kojoj se ukr\u0161taju savremeno srpsko, poljsko i  [&#8230;]<\/p>\n","protected":false},"featured_media":27530,"template":"","meta":{"_acf_changed":false},"product_brand":[],"product_cat":[1908,472],"product_tag":[1403],"prevodilac":[],"autor":[2497],"autori":[],"class_list":["post-27614","product","type-product","status-publish","has-post-thumbnail","product_cat-knjizevna-kritika","product_cat-nauka-o-knjizevnosti","product_tag-horizonti","autor-jelena-dj-maricevic-balac","first","instock","sale","taxable","shipping-taxable","purchasable","product-type-simple"],"acf":[],"_links":{"self":[{"href":"https:\/\/akademskaknjiga.com\/en\/wp-json\/wp\/v2\/product\/27614","targetHints":{"allow":["GET"]}}],"collection":[{"href":"https:\/\/akademskaknjiga.com\/en\/wp-json\/wp\/v2\/product"}],"about":[{"href":"https:\/\/akademskaknjiga.com\/en\/wp-json\/wp\/v2\/types\/product"}],"wp:featuredmedia":[{"embeddable":true,"href":"https:\/\/akademskaknjiga.com\/en\/wp-json\/wp\/v2\/media\/27530"}],"wp:attachment":[{"href":"https:\/\/akademskaknjiga.com\/en\/wp-json\/wp\/v2\/media?parent=27614"}],"wp:term":[{"taxonomy":"product_brand","embeddable":true,"href":"https:\/\/akademskaknjiga.com\/en\/wp-json\/wp\/v2\/product_brand?post=27614"},{"taxonomy":"product_cat","embeddable":true,"href":"https:\/\/akademskaknjiga.com\/en\/wp-json\/wp\/v2\/product_cat?post=27614"},{"taxonomy":"product_tag","embeddable":true,"href":"https:\/\/akademskaknjiga.com\/en\/wp-json\/wp\/v2\/product_tag?post=27614"},{"taxonomy":"prevodilac","embeddable":true,"href":"https:\/\/akademskaknjiga.com\/en\/wp-json\/wp\/v2\/prevodilac?post=27614"},{"taxonomy":"autor","embeddable":true,"href":"https:\/\/akademskaknjiga.com\/en\/wp-json\/wp\/v2\/autor?post=27614"},{"taxonomy":"autori","embeddable":true,"href":"https:\/\/akademskaknjiga.com\/en\/wp-json\/wp\/v2\/autori?post=27614"}],"curies":[{"name":"wp","href":"https:\/\/api.w.org\/{rel}","templated":true}]}}

KA OSMEHU EVROPE. Savremeno srpsko, poljsko i češko pesništvo u komparativnom ključu

<p>Zajednička tačka u kojoj se ukrštaju savremeno srpsko, poljsko i češko pesništvo je težnja ka prevazilaženju fragmentarnosti sveta i uspostavljanju celine, bilo da se radi o kulturnom jedinstvu Evrope, prevazilaženju političkih podela između Zapada i Istoka, samih slovenskih naroda, ili romantičarskoj sintezi prirode i kulture.</p>
<p style="text-align: right;"><em>Prof. dr Gorana Raičević</em></p>
<p>&nbsp;</p>
<p>Monografija Ka osmehu Evrope je celovita, analitička studija, kojom je obuhvaćeno pesništvo najznačajnijih srpskih, poljskih i čeških pesnika XX veka, kao i niz drugih, savremenih poetskih opusa, u kojima je vidljiv ili moguć uticaj, recimo pojedinih poljskih pesnika na srpske, odnosno pojedinih čeških pesnika na srpske pesničke savremenike i obratno.</p>
<p style="text-align: right;"><em>Prof. dr Zoran Đerić</em></p>

<p>Zajednička tačka u kojoj se ukrštaju savremeno srpsko, poljsko i  [&#8230;]</p>
